2 + 6*g - 3. Let b be w(8). Let x = -91 + b. What is the highest common factor of x and 90?
18
Let c(d) be the first derivative of -5*d**4/2 - d**3/3 + d**2/2 + d + 41. Let v be c(-1). What is the highest common divisor of 18 and v?
9
Let g(o) = 5*o - 10. Let q be g(8). Suppose 6*h + 24 = q. Calculate the greatest common divisor of h and 7.
1
Suppose -2*z + 868 = 4*n, 5*n - 6*n - 431 = -z. Suppose 0 = 6*s - 2*s - z. What is the highest common factor of s and 12?
12
Suppose 17 - 257 = -20*p. What is the highest common factor of p and 84?
12
Suppose 0 = -3*f - 16*f + 95. What is the highest common divisor of 10 and f?
5
Suppose 149 + 929 = -7*w. Let f = w - -286. What is the highest common divisor of f and 12?
12
Let t = -63 + 62. Let p = t - -9. What is the highest common factor of 1 and p?
1
Suppose -13775 = 12*t - 37*t. What is the greatest common factor of t and 19?
19
Let n be 6 + 314 + -6 + 11. What is the greatest common factor of 13 and n?
13
Suppose 4*i - 2*i - 14 = 0. Let g(m) = -6*m + 21. Let z be g(0). What is the greatest common factor of i and z?
7
Let a = -4 - -124. What is the greatest common factor of 15 and a?
15
Suppose -2*l = 3*l - 840. Suppose 0*h + h - 3 = 0. Suppose h*k - 5*k = -48. Calculate the highest common factor of l and k.
24
Let p = -2706 + 2719. Calculate the greatest common divisor of 1872 and p.
13
Let c(m) = -31*m + 14*m + 11*m + 2 + 4*m**2 + 2. Let x be c(2). What is the greatest common factor of x and 8?
8
Suppose 0 = 3*j - 5*l - 106, 0 = -13*j + 8*j + 4*l + 194. Calculate the greatest common factor of j and 336.
42
Let s = 63 + -57. Let q = 1 + 1. Calculate the greatest common divisor of s and q.
2
Suppose 18*z = 2*z + 5888. Calculate the highest common factor of z and 92.
92
Let v = -1184 + 2170. What is the highest common factor of v and 58?
58
Suppose -205 + 799 = 54*m. Calculate the highest common divisor of m and 1111.
11
Let m = -20 + 22. Let o be m/6*3 + 3. Suppose -w + o*w - 36 = 0. What is the highest common divisor of 36 and w?
12
Let d = -214 + 798. Calculate the greatest common factor of 73 and d.
73
Let d(c) = 7*c - 2. Let h be d(1). Let w be (-2 - -6)*h/4. Calculate the greatest common divisor of 2 and w.
1
Let g(j) = -j + 6. Let y be g(6). Suppose y = -2*t - c - 0*c + 35, 5*c + 17 = 2*t. Calculate the greatest common divisor of 64 and t.
16
Let v be -2 + 4 + 108/3 + 2. Suppose k - 5*k = 12. Let l be -3 - -4 - -1 - k. What is the greatest common factor of v and l?
5
Let s(t) = 14*t - 24. Let r be s(8). Let i be 2/(-2 - -2 - 1). Let z be 10 - i*(-1 + 0). Calculate the highest common factor of r and z.
8
Let s = -1084 + 1227. What is the highest common divisor of 117 and s?
13
Let g be 7*(-2 - -3 - 4). Let s = 37 + g. Let y = -5 + s. What is the highest common factor of y and 55?
11
Let r be 140 - (-2 - 4 - 1). Calculate the greatest common divisor of r and 21.
21
Let p = -144 - -64. Let d = 92 + p. What is the highest common factor of 30 and d?
6
Let b = -1395 + 1472. What is the greatest common factor of 5621 and b?
77
Suppose -14*c + 174 + 8 = 0. Calculate the greatest common divisor of c and 1170.
13
Suppose 0 = -s + 3*u + 3, 6*u - 2*u - 20 = 0. Suppose -t + 135 = 2*t - 4*x, -3*t - 4*x + 135 = 0. What is the highest common factor of t and s?
9
Suppose -6 = -3*f + 6. Suppose -14 = f*l - 2. Let p be (l + 9*-1)/(-2). What is the greatest common divisor of p and 15?
3
Let w = 56 - 55. Let z(q) = 31*q + 3. Let u be z(w). What is the highest common divisor of 51 and u?
17
Suppose 554 = 5*z - 776. Let y = -2836 + 2850. What is the highest common factor of y and z?
14
Let j(m) = -3*m + 1. Let i be j(8). Let g = i + 32. Let p be (-9)/((16/4)/(-4)). Calculate the greatest common divisor of p and g.
9
Let s = -30 - -40. Let k(a) = 4*a. Let f be k(-1). Let q be 4 + 2 + f/2. What is the greatest common factor of q and s?
2
Let m(y) = 6*y**2 - 3*y + 6. Let p be m(-4). Suppose p = 3*a + 4*h - 8*h, 0 = -3*h. Calculate the greatest common factor of a and 57.
19
Let m be 2/(-4)*(-19)/(95/170). Let z be 2/((34/12)/m). Calculate the highest common factor of 3 and z.
3
Let u = -44 + 183. Let z = -94 + u. What is the greatest common factor of 9 and z?
9
Let l(a) = -a + 8. Let s be l(0). Let d(i) = 1 + 2*i + s*i**2 + i**3 + 4*i + 0*i. Let p be d(-7). What is the highest common divisor of 88 and p?
8
Let o be 5 + (-4)/(24/6). Suppose -3*b = -o*w - 76, -12*w = -5*b - 17*w + 150. Calculate the greatest common factor of 224 and b.
28
Let r(w) = -7 + 1 + 3 + 6 - 11*w. Let n be r(-2). Let h be ((-25)/2)/(1/(-4)). Calculate the greatest common factor of h and n.
25
Let q = 300 + -296. Suppose 5*t + 3*h - 3218 = 2680, 5*h = -3*t + 3526. Let a be (-2)/(-9) - t/(-27). Calculate the greatest common divisor of q and a.
4
Suppose -20*d + 60506 = 5966. Calculate the greatest common divisor of d and 101.
101
Let c be (-4)/8*(1 - 1133). Let w = c - 19. Suppose 0 = -3*q + s + w, 5*s = -3*q + s + 572. What is the highest common factor of q and 23?
23
Suppose -8 = -5*u + 7. Suppose 3*t + g = 5, 8 = u*t + 4*g - 6*g. Calculate the greatest common divisor of 16 and t.
2
Let s(n) = -2*n**2 - 17*n + 8. Let d be s(-8). Calculate the highest common factor of 464 and d.
16
Let k be 1 + 84/(6 + -3). Suppose -4*h + 56 = -4*v, 4*v - 27 - k = -3*h. What is the greatest common divisor of 176 and h?
16
Suppose l - 40 = 5*x - 5, 5*l - 65 = 3*x. Calculate the greatest common factor of l and 40.
10
Suppose 4*i - 1450 = 2*g, -5*i - g = -2016 + 221. Calculate the greatest common factor of 40 and i.
40
Let o = -56 - -80. Suppose -3*h = -2*h - o. Suppose n - 24 = -n. Calculate the greatest common divisor of n and h.
12
Let b(j) = -8*j**2 - 109*j - 33. Let p be b(-13). What is the highest common factor of p and 352?
32
Suppose 26 = 3*p - 40. Let y(u) = -24*u + 16. Let x be y(-7). Let n = x + -129. What is the highest common factor of p and n?
11
Let h = -17 + 30. Suppose -5*d + 189 = 19*z - 16*z, -5*d - 5*z + 185 = 0. What is the highest common factor of d and h?
13
Let l = 3 - 10. Let b be 42/(-9)*(l - 2). Calculate the highest common divisor of b and 105.
21
Suppose -5*s = -5 - 10. Let o be 2 + (-2 - -3) + 1. Suppose o*f - 6 = 2*f. Calculate the highest common divisor of f and s.
3
Let o = 2130 - 1056. Calculate the greatest common divisor of 6 and o.
6
Let f(g) = 245*g - 590. Let m be f(4). Calculate the greatest common divisor of 45 and m.
15
Suppose -5*t + 2*t = 0. Suppose t = -p - p + 20. Suppose -26 = -2*x + p. Calculate the greatest common divisor of x and 27.
9
Let k = -126 - -158. What is the highest common divisor of k and 128?
32
Suppose -270 = -2*b - 5*z - 0*z, -6 = -3*z. Calculate the greatest common factor of b and 117.
13
Let p(q) = 0 + 0*q - 7*q + 5. Let j be p(-2). What is the highest common divisor of j and 19?
19
Let x = 29 - 5. Suppose -3*v + 4*k = -43, -3*k + 11 = 4*v - 13. Suppose -6 = 8*y - v*y. Calculate the highest common divisor of x and y.
6
Suppose -37*x + 935 = -20*x. Calculate the highest common divisor of 407 and x.
11
Suppose 3*y + 3*b = 21, 0*y - 4*y + 3*b = 0. Suppose t = -y*h + 61, -h + 115 = -4*t + 307. What is the highest common divisor of 7 and t?
7
Suppose -28*v + 2204 = -5188. What is the greatest common divisor of v and 33?
33
Suppose 8*o - 3560 - 1192 = 0. What is the highest common factor of 66 and o?
66
Let k = 11 - 13. Let n be 1*(6 + -3)*k. Let d = n - -38. Calculate the highest common divisor of d and 16.
16
Let a = -567 - -927. What is the greatest common factor of a and 24?
24
Let c = 1333 - 1304. What is the highest common factor of 8 and c?
1
Let j be 3 + -4 + 13/1. Let r(h) = -4*h - 56. Let s be r(-38). Calculate the greatest common divisor of s and j.
12
Suppose -2*r = -3*r + 7. Let z = r + 29. What is the highest common divisor of 24 and z?
12
Suppose 2*u - 5 = u. Suppose 3*t - 413 = 4*h, u + 674 = 5*t - 2*h. Suppose c = -2*c + t. Calculate the highest common divisor of c and 5.
5
Let o be (-6)/(-10) - (162/(-30) - -5). Let i be 2*1*(-14)/(-4). Calculate the highest common factor of o and i.
1
Suppose o - 45 - 10 = 0. Let a be 45/(-10)*(-12)/9. Let i(n) = -n**3 + 6*n**2 + 6*n - 14. Let h be i(a). What is the greatest common divisor of o and h?
11
Suppose -52*y - 11217 = -35241. Calculate the grea